ose 4*h - 14*h = 1140. Let p = -57 - h. Suppose 53*l + 2076 = p*l. Is l a prime number?
False
Let r(w) = -w**2 + 3*w + 33. Let b be r(-4). Suppose 20 = b*q, 0 = -5*m + 4*q - 5*q + 1469. Is m a prime number?
True
Suppose -1049066 - 1726848 = -2*u + 4*q, -u - 3*q + 1387912 = 0. Is u composite?
True
Let i = -493721 + 694584. Is i composite?
True
Let q(k) = -2*k**3 + 14*k**2 - 2*k + 5. Let n be q(7). Is 38443 - (11 + n/3) a prime number?
False
Let a = -124032 - -219934. Is a a prime number?
False
Let t(m) = 8*m**2 - 5*m - 23. Let q be 17/5 + (-16)/40. Let p(n) = 2*n**2 - 5*n + 3. Let z be p(q). Is t(z) prime?
False
Suppose 4679189 = 232*m - 101*m. Is m a prime number?
False
Suppose 3*z = d + 667591, -5*z + 1147727 = 4*d + 35064. Is z prime?
False
Let j be (189/18)/((-9)/(-8718)). Suppose -27693 - j = -8*v. Is v composite?
False
Is 54528 + (14/8)/((-36)/144) composite?
False
Let d(z) = 735*z**2 - 34*z + 328. Is d(9) a composite number?
False
Let d(g) be the second derivative of -g**5/10 + 17*g**4/12 + 5*g**3/3 - 3*g**2 + 7*g. Let t be d(9). Suppose 6*k - 1455 = t*k. Is k a composite number?
True
Let t(s) = -5*s + 17 + 6*s - 8 + 13. Let u be t(-14). Is (-17230)/(-8) + u/32 + 3 a composite number?
True
Is (-368)/(-3128) - (-19769)/17 composite?
False
Let c be (-117886)/(-5) + (-10)/250*5. Let l = -12172 + c. Is l composite?
True
Let s be 26/(-91)*(-14)/4. Is 7/((-14)/8) - (-3299)/s a prime number?
False
Is ((-80)/15 - -4)*(-70608)/64 a prime number?
True
Suppose t - 2*l - 8718 = 0, -33*l + 8716 = t - 34*l. Is t prime?
False
Let d be (-1)/(-5 - 168/(-35)). Suppose 4*u + 5303 = d*p, -p + 0*u + 1065 = -3*u. Is p composite?
True
Let x(l) = 12*l**2 - 6*l**3 - 5*l + 1 + l + 4. Let o be x(11). Is o/(-5) - (-10)/25 composite?
True
Let s(n) = 2512*n**2 + 31*n - 136. Is s(5) a prime number?
True
Let z(l) = -930*l + 32. Let t be z(-2). Let j = t - 883. Is j composite?
False
Let u = 283166 + -200701. Is u a composite number?
True
Let h be ((-43004)/(-14))/((-3)/(-21)). Suppose 6*w - 10*w + 4*j = -21520, 5*j - h = -4*w. Is w a composite number?
True
Let f be 1/((-1)/(-9)) - (-328)/(-82). Let l = -857 + 2756. Suppose f*c - l = 1036. Is c a prime number?
True
Suppose -5*l + 139400 = 5*g, 0 = -l - 6*g + 7*g + 27878. Suppose 489*j - 492*j = -l. Is j prime?
True
Suppose 0 = 41*w - 30*w - 131021. Is w composite?
True
Suppose -6*t = -4*t + 2*y - 13038, -26091 = -4*t + y. Suppose 137 + t = k. Is k composite?
False
Suppose 0 = 4*u + 47 - 55. Suppose q + u*q = 810. Let s = q + -185. Is s a prime number?
False
Let w(q) = 244*q - 288. Let t be w(35). Suppose v = r + 8149, r + 8044 = 2*v - t. Is v a prime number?
True
Suppose 18*d = 15*d - g + 9, -5*g - 15 = 0. Suppose 2*j - 27534 = -4*l, -d*j + 33840 = -5*l - 21202. Is j a composite number?
False
Suppose 0 = -5*n + 2*a + 8074779, -640489 = n + 3*a - 2255421. Is n composite?
True
Suppose -r + 64 = 4*n - 42, 2*r = 4. Let c(z) = 26*z + 25. Is c(n) prime?
True
Let m(k) = 10*k**2 + 55*k + 9. Is m(-22) prime?
False
Suppose -15157867 = -103*x - 4974978. Is x a composite number?
True
Let o = 23152 - 1381. Suppose -37*p - 2 = -35*p, o = 2*h - 5*p. Is h prime?
True
Suppose 6807752 = 511*f - 455*f. Is f a prime number?
False
Let h(t) = t**3 + 5*t**2 + 3*t + 1. Let q be h(-3). Let m be -1 + (-1 + 11)*(-2)/(-4). Suppose q = m*g - 66. Is g a prime number?
True
Is 272975 - 1 - (0 + (-30)/(-10)) prime?
True
Let p be -2 + 0 - (1 - (-5 + 3724)). Is p/3*((-198)/(-12))/11 composite?
True
Let d(b) = 21*b - 21. Let p be d(2). Is 523/4*6 + p/42 a composite number?
True
Let u = 1162 - -461. Is u a composite number?
True
Suppose -3*q - 2*f - 39570 = -123418, q + 2*f - 27956 = 0. Let t = q + -15813. Is t composite?
True
Suppose -18 - 6 = -2*n. Let r = 142 - 248. Is 7/((-2)/n + r/(-564)) prime?
False
Let r(w) = -332*w - 184. Let k be r(-27). Suppose 3*n = -n + k. Is n a prime number?
False
Let v(j) = 3662*j**3 - 36*j**2 + 164*j + 9. Is v(4) composite?
False
Suppose 3*a = -a + 8. Suppose -n - 2*u = -79, -6*n = -a*n + 5*u - 328. Is n prime?
False
Let i(k) = 7*k**3 + k**2 + 4*k - 6. Let a(t) = t**3 - t**2 + t. Let d(m) = -6*a(m) + i(m). Let v be d(-7). Suppose -8916 = -v*n + 2*n. Is n a prime number?
False
Suppose c = -4 + 8. Suppose 0 = 3*o - c*o + 8269. Is o prime?
True
Suppose -8*t - 21817 - 37471 = 0. Let r = -3454 - t. Suppose r = 11*k - 8*k. Is k prime?
True
Let i(q) = -2067*q**2 + 61*q + 4. Let h be i(-10). Let y = -140575 - h. Is y a prime number?
False
Let z = 267 + -260. Is 13935/z - 12/(-42) a prime number?
False
Let g = -214 + 316. Let i be g/(2 - (100/56 + 0)). Suppose 2*w + i = 6*w. Is w a prime number?
False
Let y(v) = v**3 - 132*v**2 + 154*v - 583. Is y(135) a prime number?
False
Suppose 2*d - 3*b + 18 = 0, 4*d - 2*b + 76 = -6*b. Is (6 + 1340)/(-1 + d/(-9)) a composite number?
True
Let y = 12 - 8. Let o be (-15)/y - ((-22)/8 - -2). Is (-88215)/(-21) + (-6)/63*o a prime number?
True
Let o = 36 - 21. Suppose 0 = -o*m + 169490 + 24625. Is m a composite number?
False
Let u(q) = 138585*q + 307. Is u(2) a prime number?
False
Suppose -6*y = 2*y - 16. Suppose 2*j + 11*c - 20187 = 10*c, -5*c + 20207 = y*j. Is j prime?
True
Let m be (-54)/(-50) - 98/1225. Let h(r) = 5965*r**3 - 2*r**2 + 3*r - 1. Is h(m) a composite number?
True
Is (-152878)/(176/(-8)) + (-1 - (0 + 1)) a composite number?
False
Is (-6)/15 + ((-2700397)/5)/(11 - 12) prime?
True
Is (-4)/10 + 20/((-2700)/(-47222919)) a composite number?
True
Let u(y) be the first derivative of 2*y**6/45 + y**5/24 + 11*y**4/24 + 20*y**3/3 - 3. Let c(m) be the third derivative of u(m). Is c(-6) a composite number?
False
Let a be (-2 - 7/(-2)) + 5005/26. Let f be a*2/6*345/10. Is (f + -10)*(1 - 0) a prime number?
True
Let s(a) = 7239*a - 5261. Is s(90) a prime number?
False
Suppose 17*y - 815853 - 2607760 = 0. Is y prime?
True
Suppose 7*v = -9*v + 82928. Suppose 8566 = 3*o - v. Is o composite?
False
Suppose 3*m - 6 - 14 = -4*u, -5*m - 3*u = -15. Let i be (-5)/15*m + 264. Suppose -i - 931 = -5*l. Is l a prime number?
True
Suppose 6*z = 94556 + 73426. Is z a prime number?
True
Let h = -123 - -126. Suppose -2*u - 468 = u - h*m, -u - 140 = -5*m. Is ((-214)/4)/(16/u) a prime number?
False
Suppose -19701 = -4*z - u + 26243, 22970 = 2*z + u. Suppose -4*w + 3*m = -22965, -2*w + 4*m + z = m. Is w composite?
True
Is (-1)/((-1021416)/(-204284) - 5) prime?
True
Suppose -5*v - 3*a + 3506426 = 0, -3*v = 195*a - 190*a - 2103878. Is v composite?
True
Let d(p) be the second derivative of p**5/20 + 13*p**4/12 + p**3/6 + 9*p**2/2 - 43*p. Let j be d(-13). Let l(i) = 28*i**2 - 3*i - 11. Is l(j) composite?
False
Let g(n) = 7478*n**2 + 40*n + 47. Is g(-8) composite?
True
Suppose 5*m - 15 = 5*x, -m = 3*m + 2*x - 18. Let n(c) = -7*c + 21*c**3 + 10 + m*c**2 + 4*c**2 - 16*c**3 - 5*c**2. Is n(7) a composite number?
False
Let o(n) = -9*n**2 + 29*n**2 - 55*n - 83 - 11 - 10*n. Is o(28) a composite number?
True
Let r(c) = c**2 + 9*c + 20. Let h be r(-11). Let z = h + -28. Suppose -1738 = -z*q + 12*q. Is q composite?
True
Let t be (-459)/561 - (-2)/(-11). Is t/(1/(-23)*(-19)/(-893)) a composite number?
True
Suppose -3*t = 26*t - 261. Suppose -t*u = -5*u + 2*r - 28526, r = u - 7136. Is u composite?
True
Let x be (1 + -1)/(7/(3 - -4)). Suppose -4*n - 5*b + 5634 = 0, -4*n + x*n - 4*b + 5632 = 0. Let a = n + -907. Is a prime?
True
Let u(y) = 765*y**3 - 12*y**2 + 36*y + 8. Is u(3) a prime number?
True
Let j = 60072 - 37459. Is j a composite number?
False
Let v be -15 + 2 - 2*(5 + -4). Is (-6)/v - 996597/(-45) a prime number?
True
Let x be ((-24)/42)/((-20)/14)*5. Let i be -1 - (-3 + 0 - 0/x). Suppose 0 = 2*q - 3*k - 5690, -q + 5 = -i*k - 2838. Is q a prime number?
True
Suppose -18*q = -13*q + 16520. Is 6/1 + q/(-8) composite?
False
Let r be -5 - (-1 + (3 - 1)). Let d be 1/r - ((-5635)/(-30) + -2). Let n = 349 + d. Is n a composite number?
False
Let u(l) = -l**2 - 19*l - 32. Let v be u(-17). Suppose v = c, 0*g + g = -3*c. Is -3 + (-1299)/g*4 prime?
True
Let w(g) = -30*g + 74*g + 23*g - 120. Is w(14) composite?
True
Let v = 2748 - 1792. Let c = 637 + -1338. Let p = v - c. Is p a composite number?
False
Suppose 1268091 = 37*p - 4*p. Suppose 21252 = 9*k - p. Is k a prime number?
False
Suppose -2*a = v - 1225309, 5*a - 2094555 = 4*v + 968763.